{"id":332,"date":"2024-03-15T21:57:38","date_gmt":"2024-03-15T21:57:38","guid":{"rendered":"https:\/\/sviluppo.meta-morfosi.it\/?page_id=332"},"modified":"2024-04-03T17:08:02","modified_gmt":"2024-04-03T17:08:02","slug":"percorso-di-counseling-espressivo-artistico","status":"publish","type":"page","link":"https:\/\/sviluppo.meta-morfosi.it\/index.php\/percorso-di-counseling-espressivo-artistico\/","title":{"rendered":"PERCORSO DI COUNSELING ESPRESSIVO ARTISTICO"},"content":{"rendered":"\t\t<div data-elementor-type=\"wp-page\" data-elementor-id=\"332\" class=\"elementor elementor-332\">\n\t\t\t\t<div class=\"elementor-element elementor-element-163a108 e-con-full e-flex elementor-invisible e-con e-parent\" data-id=\"163a108\" data-element_type=\"container\" data-e-type=\"container\" data-settings=\"{&quot;background_background&quot;:&quot;classic&quot;,&quot;animation&quot;:&quot;fadeInRight&quot;}\">\n\t\t\t\t<\/div>\n\t\t<div class=\"elementor-element elementor-element-424812f e-flex e-con-boxed e-con e-parent\" data-id=\"424812f\" data-element_type=\"container\" data-e-type=\"container\">\n\t\t\t\t\t<div class=\"e-con-inner\">\n\t\t\t\t<div class=\"elementor-element elementor-element-6c593c0 elementor-widget elementor-widget-spacer\" data-id=\"6c593c0\" data-element_type=\"widget\" data-e-type=\"widget\" data-widget_type=\"spacer.default\">\n\t\t\t\t<div class=\"elementor-widget-container\">\n\t\t\t\t\t\t\t<div class=\"elementor-spacer\">\n\t\t\t<div class=\"elementor-spacer-inner\"><\/div>\n\t\t<\/div>\n\t\t\t\t\t\t<\/div>\n\t\t\t\t<\/div>\n\t\t\t\t<div class=\"elementor-element elementor-element-325b1e0 elementor-invisible elementor-widget elementor-widget-text-editor\" data-id=\"325b1e0\" data-element_type=\"widget\" data-e-type=\"widget\" data-settings=\"{&quot;_animation&quot;:&quot;zoomIn&quot;}\" data-widget_type=\"text-editor.default\">\n\t\t\t\t<div class=\"elementor-widget-container\">\n\t\t\t\t\t\t\t\t\t<div class=\"item-title-wrap\"><h2 class=\"item-title\" style=\"text-align: justify;\">Percorsi di gruppo di counseling espressivo e artistico<\/h2><\/div><div class=\"itemFullText\"><p style=\"text-align: justify;\"><em>Ci\u00f2 che per la crisalide \u00e8 la fine del mondo, il mondo la chiama farfalla &#8220;Lao Tse&#8221;<\/em><\/p><p>\u00a0<\/p><h3 style=\"text-align: justify;\"><strong>Percorso di counseling espressivo di gruppo a mediazione corporea<\/strong><\/h3><p style=\"text-align: justify;\">A volte accade che ci\u00f2 che immaginavamo speciale e che abbiamo &#8220;costruito&#8221;, ad un certo punto risulti non in linea con noi, con i nostri pensieri, con le nostre emozioni e di conseguenza con le nostre azioni\u2026da qui l\u2019empasse\u2026cosa devo fare? Perch\u00e9 non mi sento soddisfatto\u2026<\/p><p style=\"text-align: justify;\">&#8220;Il viaggio&#8221; vuole essere un parentesi spazio temporale speciale dove incontrarsi, accogliere e incontrare s\u00e9 stessi per trovare nell\u2019ascolto di s\u00e9 il proprio posto nel mondo.\u00a0<\/p><p style=\"text-align: justify;\">La complessit\u00e0 della nostra vita incide sulla qualit\u00e0 delle relazioni con s\u00e9 stessi e con gli altri.<\/p><p style=\"text-align: justify;\">Le difficolt\u00e0 relazionali possono creare disagio in tutti gli ambiti della nostra realt\u00e0: sia quella privata, che quella pubblica e professionale.\u00a0<\/p><p style=\"text-align: justify;\">Questo laboratorio<strong>\u00a0intende privilegiare proprio la crescita personale al fine di offrire alle persone interessate la conoscenza, l&#8217;esperienza e le capacit\u00e0 comunicative e relazionali<\/strong>\u00a0che possono migliorare la qualit\u00e0 della nostra vita.\u00a0<\/p><p style=\"text-align: justify;\">Durante il laboratorio saranno utilizzate metodologie che uniscono le teorie psicologiche ad alcuni esercizi di training espressivo-corporeo quali drammatizzazioni, Playback Theatre, scrittura autobiografica, giochi di ruolo e visualizzazioni creative.\u00a0<\/p><\/div>\t\t\t\t\t\t\t\t<\/div>\n\t\t\t\t<\/div>\n\t\t\t\t<div class=\"elementor-element elementor-element-a3c82f5 elementor-widget elementor-widget-spacer\" data-id=\"a3c82f5\" data-element_type=\"widget\" data-e-type=\"widget\" data-widget_type=\"spacer.default\">\n\t\t\t\t<div class=\"elementor-widget-container\">\n\t\t\t\t\t\t\t<div class=\"elementor-spacer\">\n\t\t\t<div class=\"elementor-spacer-inner\"><\/div>\n\t\t<\/div>\n\t\t\t\t\t\t<\/div>\n\t\t\t\t<\/div>\n\t\t\t\t\t<\/div>\n\t\t\t\t<\/div>\n\t\t<div class=\"elementor-element elementor-element-0ffba34 e-flex e-con-boxed e-con e-parent\" data-id=\"0ffba34\" data-element_type=\"container\" data-e-type=\"container\">\n\t\t\t\t\t<div class=\"e-con-inner\">\n\t\t\t\t<div class=\"elementor-element elementor-element-a83ed3a elementor-widget elementor-widget-text-editor\" data-id=\"a83ed3a\" data-element_type=\"widget\" data-e-type=\"widget\" data-widget_type=\"text-editor.default\">\n\t\t\t\t<div class=\"elementor-widget-container\">\n\t\t\t\t\t\t\t\t\t<h3>PER INFO SCRIVICI QUI<\/h3><p>\u00a0<\/p><p>\n<div class=\"wpcf7 no-js\" id=\"wpcf7-f477-o1\" lang=\"it-IT\" dir=\"ltr\" data-wpcf7-id=\"477\">\n<div class=\"screen-reader-response\"><p role=\"status\" aria-live=\"polite\" aria-atomic=\"true\"><\/p> <ul><\/ul><\/div>\n<form action=\"\/index.php\/wp-json\/wp\/v2\/pages\/332#wpcf7-f477-o1\" method=\"post\" class=\"wpcf7-form init\" aria-label=\"Modulo di contatto\" novalidate=\"novalidate\" data-status=\"init\">\n<fieldset class=\"hidden-fields-container\"><input type=\"hidden\" name=\"_wpcf7\" value=\"477\" \/><input type=\"hidden\" name=\"_wpcf7_version\" value=\"6.1.5\" \/><input type=\"hidden\" name=\"_wpcf7_locale\" value=\"it_IT\" \/><input type=\"hidden\" name=\"_wpcf7_unit_tag\" value=\"wpcf7-f477-o1\" \/><input type=\"hidden\" name=\"_wpcf7_container_post\" value=\"0\" \/><input type=\"hidden\" name=\"_wpcf7_posted_data_hash\" value=\"\" \/>\n<\/fieldset>\n<p><label> Il tuo nome<br \/>\n<span class=\"wpcf7-form-control-wrap\" data-name=\"your-name\"><input size=\"40\" maxlength=\"400\" class=\"wpcf7-form-control wpcf7-text wpcf7-validates-as-required\" autocomplete=\"name\" aria-required=\"true\" aria-invalid=\"false\" value=\"\" type=\"text\" name=\"your-name\" \/><\/span> <\/label>\n<\/p>\n<p><label> La tua email<br \/>\n<span class=\"wpcf7-form-control-wrap\" data-name=\"your-email\"><input size=\"40\" maxlength=\"400\" class=\"wpcf7-form-control wpcf7-email wpcf7-validates-as-required wpcf7-text wpcf7-validates-as-email\" autocomplete=\"email\" aria-required=\"true\" aria-invalid=\"false\" value=\"\" type=\"email\" name=\"your-email\" \/><\/span> <\/label>\n<\/p>\n<p><label> Oggetto<br \/>\n<span class=\"wpcf7-form-control-wrap\" data-name=\"your-subject\"><input size=\"40\" maxlength=\"400\" class=\"wpcf7-form-control wpcf7-text wpcf7-validates-as-required\" aria-required=\"true\" aria-invalid=\"false\" value=\"\" type=\"text\" name=\"your-subject\" \/><\/span> <\/label>\n<\/p>\n<p><label> Il tuo messaggio (facoltativo)<br \/>\n<span class=\"wpcf7-form-control-wrap\" data-name=\"your-message\"><textarea cols=\"40\" rows=\"10\" maxlength=\"2000\" class=\"wpcf7-form-control wpcf7-textarea\" aria-invalid=\"false\" name=\"your-message\"><\/textarea><\/span> <\/label>\n<\/p>\n<p><span class=\"wpcf7-form-control-wrap\" data-name=\"acceptance-967\"><span class=\"wpcf7-form-control wpcf7-acceptance\"><span class=\"wpcf7-list-item\"><input type=\"checkbox\" name=\"acceptance-967\" value=\"1\" aria-invalid=\"false\" \/><\/span><\/span><\/span> accosento al trattamento dei dati personali ai sensi del Regolamento UE nr. 679\/2016.<br \/>\nConfermo anche di aver preso visione della <a href=\"https:\/\/bolognaolistica.com\/privacy-policy\/\">Privacy Policy<\/a>\n<\/p>\n<p><input class=\"wpcf7-form-control wpcf7-submit has-spinner\" type=\"submit\" value=\"Invia\" \/>\n<\/p><div class=\"wpcf7-response-output\" aria-hidden=\"true\"><\/div>\n<\/form>\n<\/div>\n<\/p>\t\t\t\t\t\t\t\t<\/div>\n\t\t\t\t<\/div>\n\t\t\t\t\t<\/div>\n\t\t\t\t<\/div>\n\t\t\t\t<\/div>\n\t\t","protected":false},"excerpt":{"rendered":"<p>Percorsi di gruppo di counseling espressivo e artistico Ci\u00f2 che per la crisalide \u00e8 la fine del mondo, il mondo la chiama farfalla &#8220;Lao Tse&#8221; \u00a0 Percorso di counseling espressivo di gruppo a mediazione corporea A volte accade che ci\u00f2 che immaginavamo speciale e che abbiamo &#8220;costruito&#8221;, ad un certo punto risulti non in linea con noi, con i nostri pensieri, con le nostre emozioni e di conseguenza con le nostre azioni\u2026da qui l\u2019empasse\u2026cosa devo fare? Perch\u00e9 non mi sento soddisfatto\u2026 &#8220;Il viaggio&#8221; vuole essere un parentesi spazio temporale speciale dove incontrarsi, accogliere e incontrare s\u00e9 stessi per trovare nell\u2019ascolto di s\u00e9 il proprio posto nel mondo.\u00a0 La complessit\u00e0 della nostra vita incide sulla qualit\u00e0 delle relazioni con s\u00e9 stessi e con gli altri. Le difficolt\u00e0 relazionali possono creare disagio in tutti gli ambiti della nostra realt\u00e0: sia quella privata, che quella pubblica e professionale.\u00a0 Questo laboratorio\u00a0intende privilegiare proprio la&hellip;<\/p>\n<p> <a class=\"more-link\" href=\"https:\/\/sviluppo.meta-morfosi.it\/index.php\/percorso-di-counseling-espressivo-artistico\/\">Read more<\/a><\/p>\n","protected":false},"author":2,"featured_media":0,"parent":0,"menu_order":0,"comment_status":"closed","ping_status":"closed","template":"","meta":{"footnotes":""},"class_list":["post-332","page","type-page","status-publish"],"_links":{"self":[{"href":"https:\/\/sviluppo.meta-morfosi.it\/index.php\/wp-json\/wp\/v2\/pages\/332","targetHints":{"allow":["GET"]}}],"collection":[{"href":"https:\/\/sviluppo.meta-morfosi.it\/index.php\/wp-json\/wp\/v2\/pages"}],"about":[{"href":"https:\/\/sviluppo.meta-morfosi.it\/index.php\/wp-json\/wp\/v2\/types\/page"}],"author":[{"embeddable":true,"href":"https:\/\/sviluppo.meta-morfosi.it\/index.php\/wp-json\/wp\/v2\/users\/2"}],"replies":[{"embeddable":true,"href":"https:\/\/sviluppo.meta-morfosi.it\/index.php\/wp-json\/wp\/v2\/comments?post=332"}],"version-history":[{"count":28,"href":"https:\/\/sviluppo.meta-morfosi.it\/index.php\/wp-json\/wp\/v2\/pages\/332\/revisions"}],"predecessor-version":[{"id":587,"href":"https:\/\/sviluppo.meta-morfosi.it\/index.php\/wp-json\/wp\/v2\/pages\/332\/revisions\/587"}],"wp:attachment":[{"href":"https:\/\/sviluppo.meta-morfosi.it\/index.php\/wp-json\/wp\/v2\/media?parent=332"}],"curies":[{"name":"wp","href":"https:\/\/api.w.org\/{rel}","templated":true}]}}